 = -15*k + 424137. What are the prime factors of k?
2, 11, 1609
Let o(i) = 32*i**2 - 2*i + 7. Let k = -58 + 86. Let z = 30 - k. List the prime factors of o(z).
131
Let l = 2341 + 2925. What are the prime factors of l?
2, 2633
Suppose -4*k = -4*a + 3548, -5*a + k + k = -4435. Suppose 2*s + 81 = a. Let b = -247 + s. What are the prime factors of b?
2, 3, 13
Let c = -26 - -35. Suppose 8*z + 38 = c*z. Suppose -5*r + z = 2*q, 5*r - 10 - 31 = q. What are the prime factors of r?
2
Let k be (-45)/18 - 34/(-4). Suppose 84 = k*v - 12. Let u = v - -3. What are the prime factors of u?
19
Let t be ((-264)/(-18))/2 + (-6)/(-9). What are the prime factors of (-2)/(-11) - ((-95184)/22)/t?
541
Let a(d) be the first derivative of -d**3/3 - 8*d**2 - 13*d + 10. Let k be a(-15). Suppose -3*o + 128 = -k*o. List the prime factors of o.
2
Let d(p) = -4*p**3 - 7*p**2 + 7*p + 8. Let s be d(-7). Let l = -235 + s. Suppose 0 = 5*j + 2*c - l, c + 438 + 318 = 5*j. List the prime factors of j.
151
Let i(r) = -r**2 + 9*r - 2*r - 11*r - 9*r + 10. What are the prime factors of i(-8)?
2, 5
Let j(t) = t**3 - 11*t**2 + 13*t - 12. Let u be j(10). Let l be (-534)/u + (-2)/6. List the prime factors of (-1090)/l + 1/(-3).
2, 3
Suppose 0 = 2*s - 127 - 15. Suppose 10*d - s = 69. Suppose -d = -w - 2*r, -5*r + 3 = 8. What are the prime factors of w?
2
Suppose 7 = 11*u + 51. What are the prime factors of 1/(2/u)*-56?
2, 7
Let c(n) = -65*n**2 + 663*n - 8. What are the prime factors of c(9)?
2, 347
Let a = 59 + -47. What are the prime factors of 6/a*-4 - -161?
3, 53
Suppose -10*a + 17*a = 861. Suppose 12*z - 14001 = a. What are the prime factors of z?
11, 107
List the prime factors of (-161447)/((-39)/3) + -1 + -6.
2, 29, 107
Let u be (104/(-130))/((-21)/15 + 1). Suppose u*q + 2*d + 2*d - 1476 = 0, 4*d - 748 = -q. List the prime factors of q.
2, 7, 13
Let f be (-3)/15*-8503 - (-36)/90. Suppose 3*r = 474 + f. What are the prime factors of r?
5, 29
Suppose -82*t + 24003 = -98*t + 58403. What are the prime factors of t?
2, 5, 43
Suppose 2*v - 82866 = 13*a, 18*a = -3*v + 19*a + 124188. List the prime factors of v.
2, 3, 6899
Suppose 195 = 5*l - 505. Suppose -32*p + 187 - 59 = 0. Suppose l = -0*f + p*f. List the prime factors of f.
5, 7
Let i be 30/(-20)*(-40)/3. Suppose i*u - 12320 = -0*u. What are the prime factors of u?
2, 7, 11
Let b = -70 - -74. Let i be ((-28)/(-49))/(b/2674). Suppose 7*s - 3*s + v - i = 0, 0 = 4*s - 3*v - 374. List the prime factors of s.
5, 19
Let w = -12050 - -17781. List the prime factors of w.
11, 521
Suppose 72*j + 22*j - 4546464 = -10*j. List the prime factors of j.
2, 3, 3643
Let x = -31491 + 40135. List the prime factors of x.
2, 2161
Suppose 29*y - 204869 = 461522. What are the prime factors of y?
11, 2089
Let v = -165 - -114. List the prime factors of (-130)/(v/(-9) + -6).
2, 3, 5, 13
Suppose 5*p + 12 = 3*u, 4 = -21*u + 22*u - 4*p. Suppose s - 497 = -4*i + 28, -3*s = u*i - 1583. List the prime factors of s.
23
Let n be (-2)/(-8) + (-18)/8. Let i = 344 + -339. What are the prime factors of ((-3)/i)/(n/170)?
3, 17
What are the prime factors of (-9)/((-189)/30) + 15308960/224?
5, 13669
Let k = -352 + 18219. What are the prime factors of k?
17, 1051
Suppose -2*p = 5*s - 145698, -36263 = -2*s - 3*p + 22003. List the prime factors of s.
2, 3, 1619
Suppose -16*g + 15*g + 79273 = -2*r, 0 = 5*g - r - 396428. What are the prime factors of g?
3, 13, 19, 107
What are the prime factors of (-82)/(-697) - 159864/(-34)?
2, 2351
Suppose -9*b = -58*b + 98. Suppose -b*i + 9 = 19, -w - 2*i = -2067. What are the prime factors of w?
31, 67
What are the prime factors of ((-199)/(-1))/(6 + 9192/(-1536))?
2, 199
Let d = 3202 + 9533. List the prime factors of d.
3, 5, 283
Let h be (-11)/(-1*8/(-16)). List the prime factors of -3 - 12096/h - 4/(-22).
547
Suppose 14*x - 24432 = -10*x. Suppose 0 = -12*u - x + 6070. List the prime factors of u.
421
Let x = -4808 - -20048. What are the prime factors of x?
2, 3, 5, 127
Suppose -5*g + 110 = -3*j, 2*j - 47 = g - 4*g. Let s(l) = 19*l**2 - 14*l - 20. Let x(q) = -6*q**2 + q. Let v(m) = s(m) + 3*x(m). List the prime factors of v(g).
2, 3, 11
Suppose -35524*l + 68160 = -35516*l. List the prime factors of l.
2, 3, 5, 71
Let y = -669 - -675. Suppose -y*q + 13600 = 19*q. List the prime factors of q.
2, 17
Let x = 14189 - 11173. List the prime factors of x.
2, 13, 29
Suppose 1737 = 4*y - n, -3*n + 0*n = 5*y - 2150. List the prime factors of y.
433
Suppose -2*p + 23 = -11. Suppose 3*r - p = -z, 2*z + 2*z - 26 = -5*r. What are the prime factors of 110/4 - (r + (-66)/12)?
3
Suppose 8*y - 107 + 3 = 0. Let l(p) = -p**3 + 12*p**2 + 14*p - 4. What are the prime factors of l(y)?
3
Let r(c) = -75*c - 158. List the prime factors of r(-45).
3217
Suppose 1146 - 11186 = -4*z + 4*c, -3*c - 5020 = -2*z. What are the prime factors of z?
2, 5, 251
Suppose -58381 + 18079 = -9*x. List the prime factors of x.
2, 2239
Suppose 2*g - 4*b = 30, 2*b + 2*b - 12 = -4*g. Suppose -412 + 397 = -5*m. Suppose -4*j + 204 = 4*a, -m*j - 192 = -g*j + 2*a. What are the prime factors of j?
7
Let i(k) = -k**3 - 4*k**2 - 6*k - 7. Let c be i(-3). Suppose 2*v = v + 5*z - 85, -v - 79 = -c*z. List the prime factors of v/((-5)/(-5)*-1).
3, 5
Let i be 2/(-5) + 84/35. Suppose 771 = -5*r - 4*n, 3*r + 467 = -0*r + i*n. Let c = r - -227. List the prime factors of c.
2, 3
Let c be 4/28 - 1009/7. Let q = -10 + c. Let f = q + 256. What are the prime factors of f?
2, 3, 17
Suppose 15*t - t = 11*t + 6822. What are the prime factors of t?
2, 3, 379
What are the prime factors of (679490/(-245))/(11/(-77))?
2, 17, 571
Let i = -70354 + 110128. What are the prime factors of i?
2, 3, 7, 947
Let a = -3471 + 2351. Let t = -275 - a. List the prime factors of t.
5, 13
Let i(s) = 297*s**2 + 344*s - 9. List the prime factors of i(-7).
2, 37, 41
Let z = 1111 - 322. What are the prime factors of z?
3, 263
Suppose n + 6095 = 5*a + 39857, 2*n - 67549 = 5*a. What are the prime factors of n?
13, 23, 113
Let b be 2 - (-1 + -4 - -2). Suppose 0*v = v + 5*p - 25, b = 5*v - 5*p. Suppose -7*f + v*s = -2*f - 600, 0 = 4*f + 3*s - 452. What are the prime factors of f?
2, 29
Suppose -4*i = l - 6214, 209*l - i + 18620 = 212*l. What are the prime factors of l?
2, 29, 107
Suppose 5*p - 6957 = -f, -f + 2*p + 6954 = -31. List the prime factors of f.
6977
Let o = -21840 + 45271. List the prime factors of o.
23431
Suppose -18 = 7*b - 53. Suppose 0 = -m, b*m = 2*j - 298 - 648. What are the prime factors of j?
11, 43
What are the prime factors of 1961380/30 - (-96)/(-72)?
2, 97, 337
Let o(w) = 6*w**2 - 33*w + 19. Let m = 86 + -78. What are the prime factors of o(m)?
139
Let u(a) = 3*a**3 + a**2 + 8*a - 15. Let x be u(5). Let c = x + -155. Let i = -184 + c. What are the prime factors of i?
2, 43
Let m = -16 + -3. Let t(r) = -r - 14. Let s be t(m). Suppose 19 + 19 = 3*a + x, 0 = -2*a + s*x + 14. List the prime factors of a.
2, 3
Let y = 169 - 177. What are the prime factors of 362 - (37/y + (-69)/184)?
367
Let c = 5001 + 5370. What are the prime factors of c?
3, 3457
Let i(h) = -3*h**2 + 7*h - 35. Let b be i(-8). Let l = 316 + b. List the prime factors of l.
3, 11
Let a = -31059 - -43949. What are the prime factors of a?
2, 5, 1289
Let l = -181 + 184. Suppose -2*w - 4*b = -592, 0 = -l*w - 4*b + 669 + 209. What are the prime factors of w?
2, 11, 13
Suppose 0 = -8*v - 15*v + 13501. Let w = v - 282. What are the prime factors of w?
5, 61
Let w = -250 + 210. What are the prime factors of 3/((-36)/w)*3276/20?
2, 3, 7, 13
Suppose -2*a + 34623 = -16*b + 17*b, -2*b = -4*a + 69266. What are the prime factors of a?
2, 11, 787
Suppose -20*g + 4831266 = 137*g - 1757239. What are the prime factors of g?
5, 7, 11, 109
Suppose 14*s - 308337 + 104247 = 4*s. List the prime factors of s.
3, 6803
Suppose -24*n = -21*n - 18. What are the prime factors of ((-4)/n + 0)/((-5)/5850)?
2, 3, 5, 13
Suppose -9*p + 5588 = -4*p + t, 4*t + 2222 = 2*p. Let d = p + -552. What are the prime factors of d?
5, 113
Let o(z) = -5254*z - 503. What are the prime factors of o(-1)?
4751
Let w = -101 - -100. List the prime factors of w - 7/((-42)/2040).
3, 113
Let s = -693 + 697. Suppose 3*o - 4228 = s*m - 0*m, -o - m = -1407. List the prime factors of o.
2, 11
Let v = -643 + 655. Supp